*s**2 - s + 4. Calculate the remainder when 28 - -2 - (-7 - -7) is divided by v(-3).
14
Let g = -95 - -146. Let k = -53 - -80. Calculate the remainder when g is divided by k.
24
Suppose 3*q + q - 116 = 0. What is the remainder when q is divided by 16?
13
Let s(a) = -a**3 + 5 + a - a**2 + 3 + 18. What is the remainder when s(0) is divided by 15?
11
Suppose 2*z - 3 = 1. Let v(d) = -d**3 + 9*d**2 + 3. Let t be v(9). Suppose -4*b - 3*g - t = -22, -17 = -4*b - g. What is the remainder when b is divided by z?
0
Let i = 20 + -15. Suppose i*v - 78 = 27. Let r = -4 + 15. Calculate the remainder when v is divided by r.
10
Let m(n) = -n + 1. Let y(o) = 4*o - 7. Let j be -1 + (-2 + -4)/3. Let q(p) = j*m(p) - y(p). Calculate the remainder when 38 is divided by q(-6).
8
Let m = 43 + 0. Suppose 0 = 3*j - 4*j - 9. Let c = j - -20. Calculate the remainder when m is divided by c.
10
Let l(x) = 3 - 5*x + x**2 + 0*x**2 + 2*x. Suppose -4*y + 17 = 5*w - 3*y, 0 = -5*w - 4*y + 8. Calculate the remainder when l(w) is divided by 3.
1
Suppose 0*z = 3*z - 21. Suppose w - 4*f - 23 = 0, 2*f + 41 = 4*w + 3*f. Calculate the remainder when (-284)/(-11) - (-2)/w is divided by z.
5
Suppose -i + 109 = -2*c, i + 0*i + 5*c = 137. Calculate the remainder when i is divided by 24.
21
Let m be ((-12)/9)/((-3)/(-9)). Calculate the remainder when 7 is divided by -6*(2/m + 0).
1
Let k = 21 + 50. Let q = -3 - -27. What is the remainder when k is divided by q?
23
Let f be -6*(8/(-6) - -1). Suppose -g + 2*d + 12 = 0, 0*g - d = f*g - 39. Calculate the remainder when 53 is divided by g.
17
Suppose -4*h = -3*h - 16. Suppose -46 = -2*g + 76. Suppose r - g = 2*n, 2*n - 320 = -5*r - 3*n. Calculate the remainder when r is divided by h.
15
Suppose 0 - 2 = -c. Let z = 17 - 10. What is the remainder when z is divided by c?
1
What is the remainder when 19 is divided by 56/16*(-40)/(-14)?
9
What is the remainder when 56*-3*(-1)/6 is divided by 10?
8
Suppose -6 = -p + q, -3*q = 1 - 7. Suppose 15 = -u + 2*u. What is the remainder when u is divided by p?
7
Let y(a) = -4*a - 1. What is the remainder when y(-3) is divided by 4?
3
Suppose -3*i + 0*i = -39. Let g be (-69 - (-3)/1) + 2. Let f = -40 - g. Calculate the remainder when f is divided by i.
11
Let o = 23 - 4. Calculate the remainder when -111*(-2)/6 - 0 is divided by o.
18
Let h(m) = 3*m - 12. What is the remainder when 52 is divided by h(10)?
16
Let l(s) = 2*s**2 - 9*s + 6. Let x be l(6). Suppose 4*o = 3*c - x, 2*c + 2*o - 13 = 3. Calculate the remainder when 37 is divided by c*(-3 - 34/(-8)).
7
Let z(l) = -l**2 + 2. Let x be z(8). What is the remainder when (-37 - -1)/(-2)*1 is divided by x/(-6) + (-2)/6?
8
Let x be (-1)/(-3) + (-4)/(-6). Let r(c) = -c**2 - 11*c + 21. What is the remainder when 3/(177/(-186) + x) is divided by r(-11)?
20
Calculate the remainder when 95 is divided by 5/(-2 + 22/10).
20
Let z(x) = -2*x - 4. Let n be z(-8). Let a = n - 23. What is the remainder when 282/22 - 2/a is divided by 5?
3
Suppose 2*b - 21 = 5*b. Let s be ((-4)/(-10))/(b/(-105)). What is the remainder when 14 is divided by s/(-24) - 66/(-8)?
6
Let s(h) = h**3 - 5*h**2 + 3*h - 5. Suppose 1 = -j + 7. Calculate the remainder when s(j) is divided by 0 - 17/(-1 + 0).
15
Let n(f) = f**2 + 5*f + 3. Let o be n(-4). What is the remainder when 29 is divided by 3 + (1 + 10 - o)?
14
Let b(v) be the third derivative of v**6/120 + v**5/15 - v**4/12 + v**3/2 + 3*v**2. Let p = 8 + 12. Calculate the remainder when p is divided by b(-4).
9
Suppose 0 = 5*a - 19 - 146. What is the remainder when a is divided by 9?
6
Suppose 2*k + 7 = 13. Let v = -3 - -8. Calculate the remainder when v is divided by k.
2
Suppose 4*i + 8*i = 96. What is the remainder when 13 is divided by i?
5
Let y = 44 + 11. What is the remainder when y is divided by 19?
17
Suppose w = -3*w + 136. Suppose 5*y - 5*t = -t - 61, 0 = 2*y + 4*t + 30. Calculate the remainder when w is divided by 2*1/(-2) - y.
10
Suppose 3*s - 7 + 1 = 0. Suppose 17 = 3*a + 4*o - 32, -a + s*o + 13 = 0. Calculate the remainder when 58 is divided by a.
13
Let r(n) = -n + 10. What is the remainder when r(-3) is divided by 5?
3
Let b be (-3)/2*24/(-9). Let k = -79 + 155. Suppose -2*q + b*q = k. What is the remainder when q is divided by 13?
12
Suppose 666 = 3*t + 6*t. Calculate the remainder when t is divided by 15.
14
Suppose -4*w - 9 + 37 = 0. Suppose w*t - 60 = 4*t. What is the remainder when 59 is divided by t?
19
Let q(h) = -h**2 - 12*h + 8. Let d(k) = k - 3. Let g be d(6). Suppose c + 0*c - 2*t = 12, 5*t - 25 = -g*c. Calculate the remainder when q(-10) is divided by c.
8
Suppose 0 = -5*z + 4*z - 42. Let c be 11/11*(11*-1 + 2). What is the remainder when 3/(c/z) + -1 is divided by 7?
6
Suppose -4*c = 1 - 5. Suppose -c + 2 = y. Calculate the remainder when 3 is divided by y.
0
Suppose -3*r + 102 = -3*j, 48 = -r + 3*r + 2*j. What is the remainder when 55 is divided by r?
26
Let n(r) = -r + 13. Let p(g) = -g - 3. What is the remainder when n(-9) is divided by p(-9)?
4
Suppose 0 = -5*u + 28 - 3. Suppose 2*p = u*v + 3*p - 115, -5*p = 2*v - 69. Calculate the remainder when v is divided by 6.
4
Let p(r) = -8*r + 8 + 3*r**2 - 4 - 9 - 2*r**2. What is the remainder when 13 is divided by p(9)?
1
Let z = -12 + 17. Suppose -2*b = -z*m - 24, 5*m + 38 = 2*b + 2*b. What is the remainder when b is divided by 3?
1
Let y(w) = w**2 - 3*w - 21. What is the remainder when y(-5) is divided by 6?
1
Let p(g) = g**2 + 4*g - 6. What is the remainder when 127 is divided by p(-8)?
23
Suppose -11 = -3*b + 109. What is the remainder when b is divided by 21?
19
Let n be ((-14)/(-4))/7*0. Let j(s) = -s + 8. What is the remainder when 30 is divided by j(n)?
6
Suppose 11 + 11 = r. Suppose 0 = -2*a - 4*u - 4, -7 = 5*a - 5*u + 3. Let w(n) = 3*n**2 + 3*n + 2. What is the remainder when r is divided by w(a)?
6
Let r(n) = -n**2 + n. Let o be r(3). What is the remainder when 7 is divided by (-33)/o - 1/2?
2
Let h = -21 + 185. Calculate the remainder when h is divided by 15.
14
Suppose -2*p = -36 - 70. What is the remainder when p is divided by 14?
11
Let c(w) = -3*w**3 - w - 1. Let r be c(-1). Let d(j) = 2*j**2 + 4*j. Let x be d(r). What is the remainder when 16 is divided by 10/25*x/2?
4
Suppose 3*h = -59 - 97. Let g = h - -110. Calculate the remainder when g is divided by 20.
18
Suppose -16*t + 44 = -196. Let b(n) = -n**3 + 5*n**2 + 8*n - 8. Calculate the remainder when t is divided by b(6).
3
Suppose 450 = 34*d - 29*d. Calculate the remainder when d is divided by 23.
21
Let q(p) = -16*p - 3. Let s(f) = -f + 1. Let m(a) = -q(a) - 4*s(a). Let w(x) = x**3. Let o be w(1). What is the remainder when m(o) is divided by 7?
5
Suppose 11*x = 5*x + 306. Suppose -6*q + 9 = -x. Suppose 4*g - 57 - 60 = -w, 5 = 5*w. What is the remainder when g is divided by q?
9
Let i = -149 + 208. Suppose 46 - 1 = 3*y. What is the remainder when i is divided by y?
14
Let c(x) = -2 + 2 - 4*x. Suppose o + 17 = w + 2*o, 0 = 5*w - 4*o - 49. Calculate the remainder when c(-6) is divided by w.
11
Let v = 33 + -48. Let g(i) = -5*i + 1. Let l be g(1). What is the remainder when ((-12)/v)/(l/(-130)) is divided by 14?
12
Let i = 36 + -18. Let y = 42 - 29. Calculate the remainder when 57/i*-4*-3 is divided by y.
12
Let y(z) = 3*z**2 - 4*z + 2. Let n = 95 + -46. Calculate the remainder when n is divided by y(3).
15
Let n(t) = 9*t + 2. Let r be n(2). Let m(x) = x**3 + x**2 + 1. Let o be m(0). Let c = r - o. Calculate the remainder when c is divided by 10.
9
Suppose 0 = -3*h + 4*h - 2, 4*w - 5*h - 130 = 0. Let t(p) = 3*p - 9. Calculate the remainder when w is divided by t(7).
11
Let g(b) be the third derivative of -b**4/12 + 2*b**3/3 + 3*b**2. Let f be (-23)/5 - 4/10. Calculate the remainder when g(f) is divided by 5.
4
Let u(z) = 2*z**2 + z + 13. What is the remainder when 51 is divided by u(0)?
12
Suppose -o + 9 = 4*x, 3*o + x - 34 = -4*x. Let v = -9 + 58. Calculate the remainder when v is divided by o.
10
Suppose m = 2*m + 2. Let b = 4 - m. Suppose -105 = -5*n - 20. What is the remainder when n is divided by b?
5
Let a(g) = g**3 + 31*g**2 + 56*g - 43. Let v = 12 - -46. Calculate the remainder when v is divided by a(-29).
13
Let x(t) = t**2 + 7*t + 6. Let s be x(-8). Suppose -2*j = -0*j + s. Let y = 8 - j. Ca